f 263924?
2, 65981
List the prime factors of 69279.
3, 7, 3299
What are the prime factors of 77453?
73, 1061
What are the prime factors of 4899246?
2, 3, 11, 74231
List the prime factors of 7556266.
2, 1091, 3463
What are the prime factors of 296919?
3, 7, 1571
List the prime factors of 24390171.
3, 13, 208463
What are the prime factors of 3878931?
3, 7, 184711
List the prime factors of 193118.
2, 223, 433
List the prime factors of 1196499.
3, 398833
List the prime factors of 1126248.
2, 3, 167, 281
List the prime factors of 2004767.
1399, 1433
List the prime factors of 130672.
2, 8167
What are the prime factors of 214794?
2, 3, 11933
List the prime factors of 51559.
47, 1097
What are the prime factors of 223622?
2, 7, 15973
What are the prime factors of 1468589?
29, 89, 569
List the prime factors of 9047.
83, 109
What are the prime factors of 39358?
2, 11, 1789
What are the prime factors of 155724?
2, 3, 19, 683
List the prime factors of 16545693.
3, 131, 42101
List the prime factors of 2311415.
5, 113, 4091
What are the prime factors of 1297207?
83, 15629
What are the prime factors of 111147?
3, 37049
List the prime factors of 955978.
2, 17, 31, 907
What are the prime factors of 144161?
144161
List the prime factors of 469992.
2, 3, 19583
What are the prime factors of 11326413?
3, 7, 19, 28387
What are the prime factors of 428329?
11, 23, 1693
List the prime factors of 1930512.
2, 3, 37, 1087
List the prime factors of 461891.
461891
What are the prime factors of 4426878?
2, 3, 53, 13921
What are the prime factors of 946310?
2, 5, 173, 547
What are the prime factors of 5931485?
5, 7, 169471
List the prime factors of 46975.
5, 1879
List the prime factors of 1611686.
2, 805843
List the prime factors of 196296.
2, 3, 8179
What are the prime factors of 289426?
2, 47, 3079
What are the prime factors of 78743?
7, 1607
List the prime factors of 1918828.
2, 491, 977
What are the prime factors of 399863?
281, 1423
List the prime factors of 1551480.
2, 3, 5, 7, 1847
What are the prime factors of 4251889?
4251889
What are the prime factors of 25734213?
3, 349, 2731
List the prime factors of 826581.
3, 7, 5623
List the prime factors of 2698763.
137, 19699
List the prime factors of 414033.
3, 29, 4759
List the prime factors of 3747043.
3747043
List the prime factors of 376535.
5, 75307
List the prime factors of 153240.
2, 3, 5, 1277
List the prime factors of 730122.
2, 3, 121687
List the prime factors of 42836.
2, 10709
What are the prime factors of 6219053?
89, 69877
What are the prime factors of 12340047?
3, 4113349
What are the prime factors of 10773155?
5, 17, 126743
List the prime factors of 97284.
2, 3, 11, 67
What are the prime factors of 4774080?
2, 3, 5, 4973
What are the prime factors of 3738917?
7, 13, 181, 227
What are the prime factors of 309224?
2, 38653
List the prime factors of 1069.
1069
What are the prime factors of 28606788?
2, 3, 7, 16217
What are the prime factors of 1037513?
293, 3541
What are the prime factors of 577480?
2, 5, 14437
What are the prime factors of 243998?
2, 19, 6421
List the prime factors of 1471503.
3, 11, 17, 43, 61
What are the prime factors of 164863?
19, 8677
List the prime factors of 6606195.
3, 5, 71, 6203
What are the prime factors of 16394275?
5, 349, 1879
List the prime factors of 9056092.
2, 31, 199, 367
List the prime factors of 3412016.
2, 107, 1993
What are the prime factors of 4763465?
5, 7, 136099
What are the prime factors of 4779635?
5, 7, 17, 29, 277
What are the prime factors of 613423?
37, 59, 281
List the prime factors of 22001092.
2, 41, 134153
List the prime factors of 1798254.
2, 3, 33301
What are the prime factors of 36?
2, 3
List the prime factors of 468381.
3, 156127
List the prime factors of 204051.
3, 17, 4001
What are the prime factors of 599905?
5, 119981
What are the prime factors of 188960?
2, 5, 1181
What are the prime factors of 3045102?
2, 3, 317, 1601
List the prime factors of 11987503.
11, 727, 1499
What are the prime factors of 1069577?
1069577
List the prime factors of 1098016.
2, 34313
List the prime factors of 1756297.
1097, 1601
What are the prime factors of 20665?
5, 4133
List the prime factors of 720991.
720991
What are the prime factors of 5234551?
7, 491, 1523
List the prime factors of 193981.
29, 6689
What are the prime factors of 11249932?
2, 1553, 1811
What are the prime factors of 1934351?
1934351
What are the prime factors of 886637?
53, 16729
What are the prime factors of 1402574?
2, 43, 47, 347
List the prime factors of 1406087.
17, 107, 773
List the prime factors of 21491.
21491
List the prime factors of 9870516.
2, 3, 487, 563
List the prime factors of 1307508.
2, 3, 108959
What are the prime factors of 3415260?
2, 3, 5, 56921
List the prime factors of 214267.
37, 5791
List the prime factors of 7120763.
13, 19, 127, 227
List the prime factors of 190389.
3, 63463
What are the prime factors of 23367934?
2, 1051, 11117
List the prime factors of 2007453.
3, 7, 109, 877
What are the prime factors of 38269448?
2, 7, 17, 61, 659
List the prime factors of 126509.
73, 1733
What are the prime factors of 5873?
7, 839
List the prime factors of 1752862.
2, 876431
What are the prime factors of 62602?
2, 113, 277
What are the prime factors of 1550657?
307, 5051
What are the prime factors of 6738?
2, 3, 1123
What are the prime factors of 326542?
2, 43, 3797
List the prime factors of 397537.
7, 19, 61
List the prime factors of 481449.
3, 160483
What are the prime factors of 29888?
2, 467
List the prime factors of 738836.
2, 7, 26387
What are the prime factors of 83606?
2, 17, 2459
What are the prime factors of 957438?
2, 3, 43, 1237
What are the prime factors of 191056?
2, 11941
List the prime factors of 36146.
2, 11, 31, 53
List the prime factors of 112911.
3, 61, 617
List the prime factors of 463336.
2, 57917
What are the prime factors of 440475?
3, 5, 7, 839
What are the prime factors of 13805?
5, 11, 251
List the prime factors of 2012337.
3, 74531
What are the prime factors of 4205779?
4205779
List the prime factors of 220518.
2, 3, 12251
What are the prime factors of 590944?
2, 59, 313
List the prime factors of 998098.
2, 383, 1303
List the prime factors of 702898.
2, 7, 50207
List the prime factors of 1495710.
2, 3, 5, 16619
List the prime factors of 1931267.
13, 53, 2803
List the prime factors of 1604600.
2, 5, 71, 113
List the prime factors of 112825.
5, 4513
List the prime factors of 5719693.
7, 103, 7933
What are the prime factors of 8901?
3, 23, 43
What are the prime factors of 21546399?
3, 7, 19, 54001
What are the prime factors of 6416074?
2, 7, 53, 8647
List the prime factors of 2310453.
3, 17, 15101
What are the prime factors of 8062171?
13, 281, 2207
What are the prime factors of 1290421?
11, 73, 1607
What are the prime factors of 2682350?
2, 5, 11, 4877
List the prime factors of 600262.
2, 13, 23087
What are the prime factors of 22766811?
3, 103, 73679
List the prime factors of 2297278.
2, 17, 67567
What are the prime factors of 3709894?
2, 31, 53, 1129
What are the prime factors of 11711668?
2, 2927917
List the prime factors of 61592.
2, 7699
List the prime factors of 11861299.
11861299
What are the prime factors of 69014?
2, 11, 3137
List the prime factors of 170581.
43, 3967
What are the prime factors of 7645712?
2, 477857
List the prime factors of 288588.
2, 3, 24049
What are the prime factors of 1232001?
3, 136889
List the prime factors of 5016596.
2, 13, 41, 181
List the prime factors of 445942.
2, 7, 53, 601
What are the prime factors of 30179586?
2, 3, 293, 17167
List the prime factors of 1804239.
3, 307, 653
What are the prime factors of 225040?
2, 5, 29, 97
What are the prime factors of 316810?
2, 5, 13, 2437
List the prime factors of 7335667.
7335667
List the prime factors of 41298.
2, 3, 6883
List the prime factors of 172769.
197, 877
List the prime factors of 311677.
311677
List the prime factors of 138243.
3, 7, 29, 227
List the prime factors of 149460.
2, 3, 5, 47, 53
List the prime factors of 1843339.
331, 5569
List the prime factors of 984086.
2, 19, 29, 47
List the prime factors of 12842865.
3, 5, 7, 40771
What are the prime factors of 3984431?
11, 362221
What are the prime factors of 368512?
2, 2879
List the prime factors of 9773901.
3, 